{"id":144,"date":"2020-11-27T10:53:01","date_gmt":"2020-11-27T09:53:01","guid":{"rendered":"http:\/\/mcop.cz\/web\/?page_id=144"},"modified":"2020-11-27T11:18:35","modified_gmt":"2020-11-27T10:18:35","slug":"podporovatele-naseho-obcanskeho-sdruzeni","status":"publish","type":"page","link":"https:\/\/mcop.cz\/web\/podporovatele-naseho-obcanskeho-sdruzeni\/","title":{"rendered":"Podporovatel\u00e9 na\u0161eho ob\u010dansk\u00e9ho sdru\u017een\u00ed"},"content":{"rendered":"\n<section class=\"wp-block-themeisle-blocks-advanced-columns alignfull has-1-columns has-desktop-equal-layout has-tablet-equal-layout has-mobile-equal-layout has-nogap-gap has-vertical-center\" id=\"wp-block-themeisle-blocks-advanced-columns-2486197b\"><div class=\"wp-block-themeisle-blocks-advanced-columns-overlay\"><\/div><div class=\"innerblocks-wrap\">\n<div class=\"wp-block-themeisle-blocks-advanced-column\" id=\"wp-block-themeisle-blocks-advanced-column-fe550b0c\">\n<h1 id=\"wp-block-themeisle-blocks-advanced-heading-a93999eb\" class=\"wp-block-themeisle-blocks-advanced-heading wp-block-themeisle-blocks-advanced-heading-a93999eb\">Podporovatel\u00e9 na\u0161eho ob\u010dansk\u00e9ho sdru\u017een\u00ed<\/h1>\n<\/div>\n<\/div><\/section>\n\n\n\n<section class=\"wp-block-themeisle-blocks-advanced-columns alignfull has-1-columns has-desktop-equal-layout has-tablet-equal-layout has-mobile-equal-layout has-nogap-gap has-vertical-flex-start\" id=\"wp-block-themeisle-blocks-advanced-columns-a716cffe\"><div class=\"wp-block-themeisle-blocks-advanced-columns-overlay\"><\/div><div class=\"innerblocks-wrap\">\n<div class=\"wp-block-themeisle-blocks-advanced-column\" id=\"wp-block-themeisle-blocks-advanced-column-a43cb81f\">\n<section class=\"wp-block-themeisle-blocks-advanced-columns has-1-columns has-desktop-equal-layout has-tablet-equal-layout has-mobile-equal-layout has-nogap-gap has-vertical-center has-reverse-columns-mobile\" id=\"wp-block-themeisle-blocks-advanced-columns-a01540af\"><div class=\"wp-block-themeisle-blocks-advanced-columns-overlay\"><\/div><div class=\"innerblocks-wrap\">\n<div class=\"wp-block-themeisle-blocks-advanced-column\" id=\"wp-block-themeisle-blocks-advanced-column-49977655\">\n<p>R\u00e1di bychom pod\u011bkovali v\u0161em, kte\u0159\u00ed n\u00e1s podporuj\u00ed v na\u0161em sna\u017een\u00ed o monitoring b\u00fdval\u00e9 civiln\u00ed obrany v \u010cSSR. Jedn\u00e1 se nejen o z\u00edskan\u00e9 informace, ale i o n\u00e1v\u0161t\u011bvy objekt\u016f spadaj\u00edc\u00edch pod civiln\u00ed obranu a v neposledn\u00ed \u0159ad\u011b o z\u00e1chranu v\u011bc\u00ed a vybaven\u00ed z p\u0159edm\u011btn\u00fdch kryt\u016f. Jeliko\u017e se zab\u00fdv\u00e1me i z\u00e1chranou jin\u00e9ho technick\u00e9ho d\u011bdictv\u00ed z dob ned\u00e1vno minul\u00fdch, zde bychom r\u00e1di pod\u011bkovali tak\u00e9 instituc\u00edm, kter\u00e9 n\u00e1m dovolili dohledat a zachr\u00e1nit n\u011bjak\u00e9 v\u011bci \u010di n\u00e1m n\u011bco sami darovali. D\u011bkujeme v\u0161em, kte\u0159\u00ed n\u00e1s podpo\u0159ili, podporuj\u00ed a douf\u00e1me, \u017ee n\u00e1s budou i nad\u00e1le podporovat. To \u017ee v n\u00e1sleduj\u00edc\u00edm seznamu nejste uvedeni, neznamen\u00e1, \u017ee jsme na V\u00e1s zapomn\u011bli, ale bu\u010f jste si um\u00edst\u011bn\u00ed nep\u0159\u00e1li z d\u016fvodu zachov\u00e1n\u00ed soukrom\u00ed, \u010di je\u0161t\u011b nebyl \u010das V\u00e1s p\u0159idat.<\/p>\n\n\n\n<div class=\"wp-block-columns is-layout-flex wp-container-3\">\n<div class=\"wp-block-column is-vertically-aligned-center is-layout-flow\" style=\"flex-basis:33.33%\">\n<div class=\"wp-block-image\"><figure class=\"aligncenter size-large is-resized\"><img decoding=\"async\" loading=\"lazy\" src=\"https:\/\/mcop.cz\/web\/wp-content\/uploads\/2020\/11\/apple-touch-icon_2012_0.png\" alt=\"\" class=\"wp-image-151\" width=\"120\" height=\"86\"\/><\/figure><\/div>\n\n\n\n<p><\/p>\n<\/div>\n\n\n\n<div class=\"wp-block-column is-layout-flow\" style=\"flex-basis:66.66%\">\n<p><strong>\u010cesk\u00e1 Televize<\/strong><\/p>\n\n\n\n<p>Ve\u0159ejnopr\u00e1vn\u00ed \u010cesk\u00e1 Televize je instituce, kter\u00e1 schra\u0148uje a spravuje historick\u00e9 audio a video d\u011bdictv\u00ed minulosti. \u010cesk\u00e1 Televize m\u00e1 velik\u00fd archiv, o kter\u00fd se staraj\u00ed profesion\u00e1lov\u00e9. T\u00e9to instituci d\u011bkujeme za pomoc p\u0159i dohled\u00e1n\u00ed, zdigitalizov\u00e1n\u00ed a n\u00e1sledn\u00e9mu z\u00edsk\u00e1n\u00ed ur\u010dit\u00fdch materi\u00e1l\u016f, t\u00fdkaj\u00edc\u00edch se historick\u00e9ho obdob\u00ed p\u0159ed rokem 1989.<\/p>\n<\/div>\n<\/div>\n\n\n\n<div class=\"wp-block-columns is-layout-flex wp-container-6\">\n<div class=\"wp-block-column is-vertically-aligned-center is-layout-flow\" style=\"flex-basis:33.33%\">\n<div class=\"wp-block-image\"><figure class=\"aligncenter size-large\"><img decoding=\"async\" loading=\"lazy\" width=\"226\" height=\"192\" src=\"https:\/\/mcop.cz\/web\/wp-content\/uploads\/2020\/11\/htc-investments-logo.png\" alt=\"\" class=\"wp-image-152\"\/><\/figure><\/div>\n\n\n\n<p><\/p>\n<\/div>\n\n\n\n<div class=\"wp-block-column is-layout-flow\" style=\"flex-basis:66.66%\">\n<p><strong>HTC INVESTMENTS a.s.<\/strong><\/p>\n\n\n\n<p>HTC INVESTMENTS a.s. je celosv\u011btov\u00e1 investi\u010dn\u00ed spole\u010dnost se s\u00eddlem na Slovensku. Mezi hlavn\u00ed aktivity spole\u010dnosti pat\u0159\u00ed stroj\u00edrensk\u00e9 zna\u010dky ZETOR a Kinex. D\u00edky velmi vst\u0159\u00edcn\u00e9mu p\u0159\u00edstupu jednatel\u016f spole\u010dnosti se n\u00e1m ve spolupr\u00e1ci s firmou povedlo zachr\u00e1nit ji\u017e nepou\u017e\u00edvan\u00e9 historick\u00e9 technick\u00e9 vybaven\u00ed z ru\u0161en\u00fdch provoz\u016f. Spolupr\u00e1ce s firmou HTC INVESTMENTS je jedna z uk\u00e1zkov\u00fdch, kdy i velk\u00fd investor dok\u00e1\u017ee s citem pomoci se z\u00e1le\u017eitostmi, ze kter\u00fdch on s\u00e1m nem\u00e1 \u017e\u00e1dn\u00fd u\u017eitek. A to v\u0161e pln\u011b profesion\u00e1ln\u011b a s lidsk\u00fdm p\u0159\u00edstupem k v\u011bci.<\/p>\n<\/div>\n<\/div>\n\n\n\n<div class=\"wp-block-columns is-layout-flex wp-container-9\">\n<div class=\"wp-block-column is-vertically-aligned-center is-layout-flow\" style=\"flex-basis:33.33%\">\n<div class=\"wp-block-image\"><figure class=\"aligncenter size-large\"><img decoding=\"async\" loading=\"lazy\" width=\"257\" height=\"196\" src=\"https:\/\/mcop.cz\/web\/wp-content\/uploads\/2020\/11\/komwag.png\" alt=\"\" class=\"wp-image-150\"\/><\/figure><\/div>\n\n\n\n<p><\/p>\n<\/div>\n\n\n\n<div class=\"wp-block-column is-layout-flow\" style=\"flex-basis:66.66%\">\n<p><strong>KOMWAG a.s.<\/strong><\/p>\n\n\n\n<p>KOMWAG a.s. se star\u00e1 o \u010distotu v na\u0161\u00ed mati\u010dce Praze. Je jedn\u00edm z hlavn\u00edch hr\u00e1\u010d\u016f na poli \u00fadr\u017eby zelen\u011b, odvozu odpad\u016f a \u010di\u0161t\u011bn\u00ed ulic. D\u00edky spolupr\u00e1ci s firmou KOMWAG jsme schopni zachr\u00e1nit op\u011bt n\u011bco m\u00e1lo z na\u0161\u00ed technick\u00e9 historie. Ne v\u017edy se v\u0161e mus\u00ed zni\u010dit a zlikvidovat a na\u0161e spolupr\u00e1ce je toho p\u0159\u00edkladem.<\/p>\n<\/div>\n<\/div>\n\n\n\n<div class=\"wp-block-columns is-layout-flex wp-container-12\">\n<div class=\"wp-block-column is-vertically-aligned-center is-layout-flow\" style=\"flex-basis:33.33%\">\n<div class=\"wp-block-image\"><figure class=\"aligncenter size-large\"><img decoding=\"async\" loading=\"lazy\" width=\"296\" height=\"270\" src=\"https:\/\/mcop.cz\/web\/wp-content\/uploads\/2020\/11\/Logo-1.jpg\" alt=\"\" class=\"wp-image-149\"\/><\/figure><\/div>\n\n\n\n<p><\/p>\n<\/div>\n\n\n\n<div class=\"wp-block-column is-layout-flow\" style=\"flex-basis:66.66%\">\n<p><strong>Magistr\u00e1t hlavn\u00edho m\u011bsta Prahy<\/strong><\/p>\n\n\n\n<p>Magistr\u00e1t hlavn\u00edho m\u011bsta Prahy je instituc\u00ed, kter\u00e1 se star\u00e1 o na\u0161i mati\u010dku Prahu. S magistr\u00e1tem spolupracujeme ji\u017e od roku 1999 a to zejm\u00e9na na odborech majetkov\u00fdch, krizov\u00fdch a v neposledn\u00ed \u0159ad\u011b i na \u00faseku odpadov\u00e9ho hospod\u00e1\u0159stv\u00ed. D\u00edky t\u00e9to spolupr\u00e1ci m\u00e1me mo\u017enost zadokumentovat hodn\u011b informac\u00ed o civiln\u00ed obran\u011b v na\u0161em hlavn\u00edm m\u011bst\u011b, ale i op\u011btovn\u011b zachr\u00e1nit n\u011bco z na\u0161\u00ed technick\u00e9 historie, kter\u00e1 by jinak skon\u010dila zlikvidov\u00e1na.<\/p>\n<\/div>\n<\/div>\n\n\n\n<div class=\"wp-block-columns is-layout-flex wp-container-15\">\n<div class=\"wp-block-column is-vertically-aligned-center is-layout-flow\" style=\"flex-basis:33.33%\">\n<div class=\"wp-block-image\"><figure class=\"aligncenter size-large\"><img decoding=\"async\" loading=\"lazy\" width=\"166\" height=\"33\" src=\"https:\/\/mcop.cz\/web\/wp-content\/uploads\/2020\/11\/logo-1.png\" alt=\"\" class=\"wp-image-148\"\/><\/figure><\/div>\n\n\n\n<p><\/p>\n<\/div>\n\n\n\n<div class=\"wp-block-column is-layout-flow\" style=\"flex-basis:66.66%\">\n<p><strong>Nemocnice Strakonice a.s.<\/strong><\/p>\n\n\n\n<p>Nemocnice Strakonice a.s. je dal\u0161\u00ed z instituc\u00ed, kde nebyla likvidace zastaral\u00e9ho za\u0159\u00edzen\u00ed provedena vyhozen\u00edm do kontejneru. D\u00edky velmi vst\u0159\u00edcn\u00e9mu p\u0159\u00edstupu pana \u0159editele se n\u00e1m povedlo zachr\u00e1nit vyslou\u017eil\u00e9 a ji\u017e nevyu\u017eiteln\u00e9 za\u0159\u00edzen\u00ed.<\/p>\n<\/div>\n<\/div>\n\n\n\n<div class=\"wp-block-columns is-layout-flex wp-container-19\">\n<div class=\"wp-block-column is-layout-flow\"><\/div>\n\n\n\n<div class=\"wp-block-column is-vertically-aligned-center is-layout-flow\" style=\"flex-basis:33.33%\">\n<div class=\"wp-block-image\"><figure class=\"aligncenter size-large\"><img decoding=\"async\" loading=\"lazy\" width=\"91\" height=\"127\" src=\"https:\/\/mcop.cz\/web\/wp-content\/uploads\/2020\/11\/stazeny-soubor-1.jpeg\" alt=\"\" class=\"wp-image-147\"\/><\/figure><\/div>\n\n\n\n<p><\/p>\n<\/div>\n\n\n\n<div class=\"wp-block-column is-layout-flow\" style=\"flex-basis:66.66%\">\n<p><strong>Hasi\u010dsk\u00fd z\u00e1chrann\u00fd sbor \u010cR<\/strong><\/p>\n\n\n\n<p>Hasi\u010dsk\u00fd z\u00e1chrann\u00fd sbor \u010cR je jednou z instituc\u00ed, se kterou spolupracujeme ji\u017e od roku 1998. Tato instituce je n\u00e1sledn\u00edkem b\u00fdval\u00e9 civiln\u00ed obrany \u010cSSR. D\u00edky hasi\u010d\u016fm jsme m\u011bli mo\u017enost nav\u0161t\u00edvit b\u00fdval\u00e1 velitelsk\u00e1 stanovi\u0161t\u011b civiln\u00ed obrany, zachr\u00e1nit jejich v\u00fdbavu a z\u00edskat velice zaj\u00edmav\u00e9 poznatky o fungov\u00e1n\u00ed cel\u00e9ho syst\u00e9mu CO.<\/p>\n<\/div>\n<\/div>\n\n\n\n<div class=\"wp-block-columns is-layout-flex wp-container-23\">\n<div class=\"wp-block-column is-layout-flow\"><\/div>\n\n\n\n<div class=\"wp-block-column is-vertically-aligned-center is-layout-flow\" style=\"flex-basis:33.33%\">\n<div class=\"wp-block-image\"><figure class=\"aligncenter size-large\"><img decoding=\"async\" loading=\"lazy\" width=\"592\" height=\"85\" src=\"https:\/\/mcop.cz\/web\/wp-content\/uploads\/2020\/11\/stazeny-soubor-1-1.png\" alt=\"\" class=\"wp-image-146\" srcset=\"https:\/\/mcop.cz\/web\/wp-content\/uploads\/2020\/11\/stazeny-soubor-1-1.png 592w, https:\/\/mcop.cz\/web\/wp-content\/uploads\/2020\/11\/stazeny-soubor-1-1-300x43.png 300w\" sizes=\"(max-width: 592px) 100vw, 592px\" \/><\/figure><\/div>\n\n\n\n<p><\/p>\n<\/div>\n\n\n\n<div class=\"wp-block-column is-layout-flow\" style=\"flex-basis:66.66%\">\n<p><strong>Foxxconn<\/strong><\/p>\n\n\n\n<p>Spole\u010dnost Foxxconn je poskytovatelem kompletn\u00edch \u0159e\u0161en\u00ed v oblasti IT od produkce spot\u0159ebn\u00ed elektroniky a\u017e po v\u00fdrobu sou\u010d\u00e1stek pro komunika\u010dn\u00ed a elektronick\u00e1 za\u0159\u00edzen\u00ed. Spole\u010dnost p\u0159evzala technologicky velice zaj\u00edmav\u00fd are\u00e1l po b\u00fdval\u00e9 Tesle a.s. v Pardubic\u00edch. D\u00edky spolupr\u00e1ci se spole\u010dnost\u00ed jsme mohli poznat hodn\u011b z obdob\u00ed fungov\u00e1n\u00ed Tesly.<\/p>\n<\/div>\n<\/div>\n\n\n\n<div class=\"wp-block-columns is-layout-flex wp-container-27\">\n<div class=\"wp-block-column is-layout-flow\"><\/div>\n\n\n\n<div class=\"wp-block-column is-vertically-aligned-center is-layout-flow\" style=\"flex-basis:33.33%\">\n<div class=\"wp-block-image\"><figure class=\"aligncenter size-large\"><img decoding=\"async\" loading=\"lazy\" width=\"212\" height=\"44\" src=\"https:\/\/mcop.cz\/web\/wp-content\/uploads\/2020\/11\/zgroup.jpg\" alt=\"\" class=\"wp-image-145\"\/><\/figure><\/div>\n\n\n\n<p><\/p>\n<\/div>\n\n\n\n<div class=\"wp-block-column is-layout-flow\" style=\"flex-basis:66.66%\">\n<p><strong>Z-GROUP hutn\u00ed skupina<\/strong><\/p>\n\n\n\n<p>Z-GROUP hutn\u00ed skupina je \u00fasp\u011b\u0161n\u00fdm pokra\u010dovatelem dlouholet\u00fdch tradic \u010desko-moravsk\u00fdch hutnick\u00fdch a \u017eelez\u00e1rensk\u00fdch podnik\u016f V\u00e1lcovny trub Chomutov, \u017delez\u00e1rny Hr\u00e1dek, \u017delez\u00e1rny Chomutov, \u017delez\u00e1rny Vesel\u00ed. Jedn\u00e1 se o p\u0159edn\u00ed \u017eelez\u00e1\u0159sk\u00e9 podniky v na\u0161\u00ed mal\u00e9 republice. Produkty vyr\u00e1b\u011bn\u00e9 v t\u00e9to skupin\u011b zauj\u00edmaj\u00ed v\u00fdznamnou pozici na celosv\u011btov\u00e9m trhu ocelov\u00fdch v\u00fdrobk\u016f. M\u011bli jsme mo\u017enost spolupracovat s veden\u00edm skupiny na z\u00e1chran\u011b zastaral\u00e9ho vybaven\u00ed z t\u011bchto podnik\u016f. D\u011bkujeme za p\u0159\u00e1telsk\u00fd a profesion\u00e1ln\u00ed p\u0159\u00edstup.<\/p>\n<\/div>\n<\/div>\n\n\n\n<div class=\"wp-block-columns is-layout-flex wp-container-31\">\n<div class=\"wp-block-column is-layout-flow\"><\/div>\n\n\n\n<div class=\"wp-block-column is-vertically-aligned-center is-layout-flow\" style=\"flex-basis:33.33%\">\n<div class=\"wp-block-image\"><figure class=\"aligncenter size-large\"><img decoding=\"async\" loading=\"lazy\" width=\"1000\" height=\"399\" src=\"https:\/\/mcop.cz\/web\/wp-content\/uploads\/2020\/11\/Zetor_logo_red.jpg\" alt=\"\" class=\"wp-image-162\" srcset=\"https:\/\/mcop.cz\/web\/wp-content\/uploads\/2020\/11\/Zetor_logo_red.jpg 1000w, https:\/\/mcop.cz\/web\/wp-content\/uploads\/2020\/11\/Zetor_logo_red-300x120.jpg 300w, https:\/\/mcop.cz\/web\/wp-content\/uploads\/2020\/11\/Zetor_logo_red-768x306.jpg 768w\" sizes=\"(max-width: 1000px) 100vw, 1000px\" \/><\/figure><\/div>\n\n\n\n<p><\/p>\n<\/div>\n\n\n\n<div class=\"wp-block-column is-layout-flow\" style=\"flex-basis:66.66%\">\n<p><strong>Zetor<\/strong><\/p>\n\n\n\n<p>Zetor je zna\u010dka traktor\u016f, ochrann\u00e1 zn\u00e1mka a jejich \u010desk\u00fd v\u00fdrobce s\u00eddl\u00edc\u00ed v Brn\u011b-L\u00ed\u0161ni. Od 29. \u010dervna 2002 je jedin\u00fdm akcion\u00e1\u0159em slovensk\u00fd HTC Investments a. s. Podnik vyr\u00e1b\u00ed zem\u011bd\u011blsk\u00e9 traktory. V sou\u010dasnosti m\u00e1 Zetor ve sv\u00e9m portfoliu 8 modelov\u00fdch \u0159ad s v\u00fdkonem od 15 do 171 kon\u00ed.<\/p>\n<\/div>\n<\/div>\n\n\n\n<p><\/p>\n<\/div>\n<\/div><\/section>\n<\/div>\n<\/div><\/section>\n","protected":false},"excerpt":{"rendered":"","protected":false},"author":1,"featured_media":0,"parent":0,"menu_order":0,"comment_status":"closed","ping_status":"closed","template":"page-templates\/template-pagebuilder-full-width.php","meta":{"neve_meta_sidebar":"","neve_meta_container":"","neve_meta_enable_content_width":"","neve_meta_content_width":0,"neve_meta_title_alignment":"","neve_meta_author_avatar":"","neve_post_elements_order":"","neve_meta_disable_header":"","neve_meta_disable_footer":"","neve_meta_disable_title":"","_themeisle_gutenberg_block_has_review":false},"_links":{"self":[{"href":"https:\/\/mcop.cz\/web\/wp-json\/wp\/v2\/pages\/144"}],"collection":[{"href":"https:\/\/mcop.cz\/web\/wp-json\/wp\/v2\/pages"}],"about":[{"href":"https:\/\/mcop.cz\/web\/wp-json\/wp\/v2\/types\/page"}],"author":[{"embeddable":true,"href":"https:\/\/mcop.cz\/web\/wp-json\/wp\/v2\/users\/1"}],"replies":[{"embeddable":true,"href":"https:\/\/mcop.cz\/web\/wp-json\/wp\/v2\/comments?post=144"}],"version-history":[{"count":5,"href":"https:\/\/mcop.cz\/web\/wp-json\/wp\/v2\/pages\/144\/revisions"}],"predecessor-version":[{"id":163,"href":"https:\/\/mcop.cz\/web\/wp-json\/wp\/v2\/pages\/144\/revisions\/163"}],"wp:attachment":[{"href":"https:\/\/mcop.cz\/web\/wp-json\/wp\/v2\/media?parent=144"}],"curies":[{"name":"wp","href":"https:\/\/api.w.org\/{rel}","templated":true}]}}